269
List the prime factors of 1040735994.
2, 3, 173455999
What are the prime factors of 13009861?
2053, 6337
List the prime factors of 3968190536.
2, 919, 539743
List the prime factors of 69825117.
3, 23275039
List the prime factors of 45523063.
1493, 30491
List the prime factors of 124662974.
2, 62331487
List the prime factors of 59371031.
1471, 40361
List the prime factors of 3405313032.
2, 3, 11, 167, 77239
What are the prime factors of 881579578?
2, 11, 40071799
List the prime factors of 24004941.
3, 8001647
List the prime factors of 221203603.
221203603
What are the prime factors of 206481698?
2, 103240849
List the prime factors of 174150854.
2, 113, 770579
What are the prime factors of 212863132?
2, 29, 1835027
What are the prime factors of 689054526?
2, 3, 4253423
List the prime factors of 28268065.
5, 7, 41, 19699
What are the prime factors of 1848379218?
2, 3, 7, 44009029
What are the prime factors of 25477901?
47, 542083
List the prime factors of 190808751.
3, 7, 31, 109, 2689
List the prime factors of 44889363.
3, 113, 14713
List the prime factors of 418048163.
13, 37, 337, 2579
What are the prime factors of 54643424?
2, 11, 29, 53, 101
What are the prime factors of 1524723439?
1524723439
List the prime factors of 396272219.
7, 43, 1316519
What are the prime factors of 286424025?
3, 5, 97, 39371
List the prime factors of 2590634689.
47, 587, 93901
What are the prime factors of 33496602?
2, 3, 23, 242729
List the prime factors of 91907304.
2, 3, 17, 225263
List the prime factors of 14590565.
5, 11, 311, 853
List the prime factors of 58457790.
2, 3, 5, 59, 101, 109
What are the prime factors of 277908863?
61, 4555883
List the prime factors of 815701771.
815701771
What are the prime factors of 1632558859?
31, 313, 168253
List the prime factors of 7639329.
3, 2546443
What are the prime factors of 6542338123?
17, 384843419
List the prime factors of 785706144.
2, 3, 47, 174137
List the prime factors of 2256499258.
2, 13, 193, 449681
List the prime factors of 168668458.
2, 7, 17, 31, 22861
List the prime factors of 574681433.
574681433
List the prime factors of 21903143.
19, 31, 41, 907
List the prime factors of 1088219847.
3, 11, 13, 2536643
List the prime factors of 7037135.
5, 7, 28723
What are the prime factors of 152911988?
2, 107, 357271
List the prime factors of 68867273.
1889, 36457
What are the prime factors of 309307719?
3, 7, 307, 47977
What are the prime factors of 177489427?
229, 775063
List the prime factors of 472984575.
3, 5, 7, 19, 47417
List the prime factors of 2504115046.
2, 71, 17634613
List the prime factors of 148230715.
5, 47, 59, 10691
What are the prime factors of 55615149?
3, 6179461
List the prime factors of 381263486.
2, 101, 1887443
List the prime factors of 588213974.
2, 17, 17300411
What are the prime factors of 218617368?
2, 3, 53, 171869
What are the prime factors of 53641338?
2, 3, 653, 13691
List the prime factors of 56691499.
313, 181123
What are the prime factors of 43938481?
73, 601897
What are the prime factors of 71635686?
2, 3, 2917, 4093
List the prime factors of 1588502783.
7, 226928969
What are the prime factors of 7868819659?
197, 6101, 6547
What are the prime factors of 69083934?
2, 3, 31, 41, 9059
List the prime factors of 3052798255.
5, 13, 3612779
What are the prime factors of 147712020?
2, 3, 5, 449, 5483
List the prime factors of 52115792.
2, 23, 141619
List the prime factors of 5714571522.
2, 3, 11, 17, 5093201
What are the prime factors of 1627181316?
2, 3, 17, 2658793
What are the prime factors of 2575100403?
3, 397, 26693
What are the prime factors of 4786613379?
3, 177281977
List the prime factors of 4401111266.
2, 17, 349, 421, 881
What are the prime factors of 6035352?
2, 3, 251473
What are the prime factors of 2943341773?
2943341773
What are the prime factors of 4312153314?
2, 3, 7, 307, 37159
What are the prime factors of 59984560?
2, 5, 749807
What are the prime factors of 2108228247?
3, 73, 101, 31771
What are the prime factors of 96558023?
29, 3329587
List the prime factors of 53131342.
2, 11, 241, 911
List the prime factors of 119465763.
3, 53, 751357
List the prime factors of 1174864224.
2, 3, 599, 20431
What are the prime factors of 92000124?
2, 3, 17, 16703
List the prime factors of 459868159.
5059, 90901
List the prime factors of 4871958.
2, 3, 7, 13, 8923
What are the prime factors of 66322514?
2, 33161257
What are the prime factors of 3352780180?
2, 5, 349, 480341
What are the prime factors of 521810539?
67, 1019, 7643
List the prime factors of 2910389733.
3, 19, 103, 149, 1109
What are the prime factors of 2035564646?
2, 389, 2616407
List the prime factors of 193728639.
3, 13, 4967401
List the prime factors of 451331842.
2, 13, 227, 76471
List the prime factors of 1321013483.
18169, 72707
List the prime factors of 48602545.
5, 2683, 3623
What are the prime factors of 127044008?
2, 7, 13, 47, 79
List the prime factors of 84068260.
2, 5, 71, 73, 811
List the prime factors of 237486801.
3, 41, 367, 5261
List the prime factors of 343149700.
2, 5, 3431497
List the prime factors of 65953269.
3, 103, 71147
What are the prime factors of 7554389616?
2, 3, 173, 101081
What are the prime factors of 48640760?
2, 5, 7, 19, 41, 223
What are the prime factors of 1991434961?
17, 151, 751, 1033
What are the prime factors of 1364094186?
2, 3, 7, 13, 157, 15913
List the prime factors of 154119695.
5, 2917, 10567
List the prime factors of 54098006.
2, 27049003
What are the prime factors of 616319893?
7, 107, 2399
What are the prime factors of 340547197?
89, 3826373
What are the prime factors of 33968610?
2, 3, 5, 13, 29033
What are the prime factors of 486815081?
157, 3100733
What are the prime factors of 7322395456?
2, 47, 83, 139, 211
List the prime factors of 345391907.
7, 17, 2902453
What are the prime factors of 587578320?
2, 3, 5, 7, 38861
What are the prime factors of 3888194685?
3, 5, 31, 8361709
List the prime factors of 21813017.
29, 37, 701
List the prime factors of 1536010649.
53, 28981333
What are the prime factors of 285154556?
2, 1427, 49957
List the prime factors of 44340923.
11, 4030993
What are the prime factors of 288702679?
239, 1207961
List the prime factors of 291942491.
257, 1135963
List the prime factors of 3237668476.
2, 7, 19, 6085843
What are the prime factors of 189109185?
3, 5, 19, 663541
What are the prime factors of 970138955?
5, 19, 31, 329419
List the prime factors of 70417702.
2, 35208851
What are the prime factors of 44902104?
2, 3, 13, 71, 2027
List the prime factors of 610816868.
2, 17, 37, 242773
List the prime factors of 759943750.
2, 5, 121591
List the prime factors of 41125552.
2, 13, 163, 1213
List the prime factors of 302193942.
2, 3, 50365657
List the prime factors of 2090461993.
89, 23488337
What are the prime factors of 7573578?
2, 3, 23, 54881
List the prime factors of 947836761.
3, 97, 3257171
What are the prime factors of 3734411180?
2, 5, 186720559
List the prime factors of 709901730.
2, 3, 5, 29, 101, 2693
List the prime factors of 29083527.
3, 11, 293773
What are the prime factors of 135488246?
2, 53, 1278191
What are the prime factors of 812349647?
4673, 173839
What are the prime factors of 2106526256?
2, 5309, 24799
What are the prime factors of 3155820995?
5, 163, 347, 11159
What are the prime factors of 31259914?
2, 7, 73, 419
What are the prime factors of 255245497?
13, 17, 71, 16267
List the prime factors of 4276755616.
2, 7, 19092659
What are the prime factors of 3891285598?
2, 29, 67091131
List the prime factors of 965034752.
2, 11, 342697
List the prime factors of 26321817.
3, 2063, 4253
What are the prime factors of 55230528?
2, 3, 307, 937
List the prime factors of 1046143938.
2, 3, 7, 24908189
List the prime factors of 51251908.
2, 523, 24499
List the prime factors of 82488124.
2, 3433, 6007
What are the prime factors of 747682993?
109, 151, 45427
What are the prime factors of 5274658458?
2, 3, 109, 857, 3137
What are the prime factors of 352669171?
352669171
What are the prime factors of 1287307269?
3, 17, 2804591
What are the prime factors of 217587524?
2, 7, 11, 64223
List the prime factors of 67657237.
23, 911, 3229
List the prime factors of 755439429.
3, 227, 1109309
List the prime factors of 73305724.
2, 19, 73, 18